{"id":7022,"date":"2020-11-18T15:38:38","date_gmt":"2020-11-18T15:38:38","guid":{"rendered":"http:\/\/welmat.ci\/?page_id=7022"},"modified":"2020-12-23T09:38:31","modified_gmt":"2020-12-23T09:38:31","slug":"solutions","status":"publish","type":"page","link":"https:\/\/welmat.ci\/?page_id=7022","title":{"rendered":"Solutions"},"content":{"rendered":"<p>[vc_row full_width=&#8221;stretch_row_content_no_spaces&#8221; css=&#8221;.vc_custom_1608130642551{background-color: #d6e4f9 !important;}&#8221;][vc_column width=&#8221;2\/5&#8243; offset=&#8221;vc_col-lg-3&#8243;][stm_spacing xs_spacing=&#8221;20&#8243; lg_spacing=&#8221;50&#8243; md_spacing=&#8221;40&#8243; sm_spacing=&#8221;30&#8243;][vc_single_image image=&#8221;7291&#8243; img_size=&#8221;250&#215;250&#8243; alignment=&#8221;center&#8221; onclick=&#8221;zoom&#8221;][\/vc_column][vc_column width=&#8221;1\/12&#8243;][\/vc_column][vc_column width=&#8221;3\/5&#8243;][stm_spacing xs_spacing=&#8221;20&#8243; lg_spacing=&#8221;50&#8243; md_spacing=&#8221;40&#8243; sm_spacing=&#8221;30&#8243;][stm_animation_block animation=&#8221;fadeInUp&#8221; animation_duration=&#8221;0.3&#8243; animation_delay=&#8221;0&#8243;][vc_custom_heading stripe_pos=&#8221;hide&#8221; text=&#8221;SMS MARKETING&#8221; font_container=&#8221;tag:h3|text_align:center&#8221; use_theme_fonts=&#8221;yes&#8221; el_class=&#8221;hide_indents&#8221; subtitle=&#8221;UNE PLATEFORME ADAPTEE A VOTRE STRATEGIE&#8221;][vc_column_text]Avec notre solution de SMS MARKETING, <em><strong>informer, communiquer, alerter, questionner et analyser.<\/strong><\/em><br \/>\nUn outil permettant d\u2019atteindre facilement et rapidement vos cibles \u00e0 des prix d\u00e9fiants toutes concurrences.<br \/>\nEn plus de vos identifiants personnalis\u00e9s, la gestion efficace de vos contacts, vous d\u00e9couvrirez pleins d\u2019autres options pour faciliter votre travail sur notre plateforme SMS[\/vc_column_text][\/stm_animation_block][stm_animation_block animation=&#8221;fadeInUp&#8221; animation_duration=&#8221;0.3&#8243; animation_delay=&#8221;0&#8243;][stm_icon_box style=&#8221;icon_left_transparent&#8221; icon_size=&#8221;21&#8243; icon_color=&#8221;third&#8221; icon_width=&#8221;35&#8243; title_font_size=&#8221;16px&#8221;]Module transport |\u00a0 Module inscription |\u00a0 Module inventaire[\/stm_icon_box][\/stm_animation_block][stm_animation_block animation=&#8221;fadeInUp&#8221; animation_duration=&#8221;0.3&#8243; animation_delay=&#8221;0&#8243;][vc_btn title=&#8221;En savoir plus&#8221; style=&#8221;flat&#8221; color=&#8221;theme_style_4&#8243; size=&#8221;lg&#8221; i_icon_fontawesome=&#8221;fas fa-check&#8221; add_icon=&#8221;true&#8221; link=&#8221;url:http%3A%2F%2Fwelmat.ci%2F%3Fpage_id%3D7023|title:SMS%20Marketing&#8221;][\/stm_animation_block][\/vc_column][\/vc_row][vc_row full_width=&#8221;stretch_row_content_no_spaces&#8221; css=&#8221;.vc_custom_1608132728865{background-color: #f9f9f9 !important;}&#8221;][vc_column width=&#8221;2\/5&#8243; offset=&#8221;vc_col-lg-3&#8243;][stm_spacing xs_spacing=&#8221;20&#8243; lg_spacing=&#8221;50&#8243; md_spacing=&#8221;40&#8243; sm_spacing=&#8221;30&#8243;][vc_single_image image=&#8221;7295&#8243; img_size=&#8221;250&#215;250&#8243; alignment=&#8221;center&#8221; onclick=&#8221;zoom&#8221;][\/vc_column][vc_column width=&#8221;1\/12&#8243;][\/vc_column][vc_column width=&#8221;3\/5&#8243;][stm_spacing xs_spacing=&#8221;20&#8243; lg_spacing=&#8221;50&#8243; md_spacing=&#8221;40&#8243; sm_spacing=&#8221;30&#8243;][stm_animation_block animation=&#8221;fadeInUp&#8221; animation_duration=&#8221;0.3&#8243; animation_delay=&#8221;0&#8243;][vc_custom_heading stripe_pos=&#8221;hide&#8221; text=&#8221;GLPI&#8221; font_container=&#8221;tag:h3|text_align:center&#8221; use_theme_fonts=&#8221;yes&#8221; el_class=&#8221;hide_indents&#8221; subtitle=&#8221;Gestion libre de parc informatique&#8221;][vc_column_text]Les entreprises n\u2019ont jamais eu autant d\u2019\u00e9quipements informatiques, et leur nombre ne fait qu\u2019augmenter. Bonne nouvelle pour vous, vous n\u2019allez pas manquer de travail ! Pour optimiser vos actions et vous faciliter la t\u00e2che, vous aurez vraiment int\u00e9r\u00eat \u00e0 \u00eatre rigoureux sur votre gestion de parc informatique.<\/p>\n<p>Avec GLPI, g\u00e9rez votre parc informatique avec un esprit libre.[\/vc_column_text][\/stm_animation_block][stm_animation_block animation=&#8221;fadeInUp&#8221; animation_duration=&#8221;0.3&#8243; animation_delay=&#8221;0&#8243;][vc_btn title=&#8221;En savoir plus&#8221; style=&#8221;flat&#8221; color=&#8221;theme_style_4&#8243; size=&#8221;lg&#8221; i_icon_fontawesome=&#8221;fas fa-check&#8221; add_icon=&#8221;true&#8221;][\/stm_animation_block][\/vc_column][\/vc_row][vc_row full_width=&#8221;stretch_row_content_no_spaces&#8221; css=&#8221;.vc_custom_1608130642551{background-color: #d6e4f9 !important;}&#8221;][vc_column width=&#8221;2\/5&#8243; offset=&#8221;vc_col-lg-3&#8243;][stm_spacing xs_spacing=&#8221;20&#8243; lg_spacing=&#8221;50&#8243; md_spacing=&#8221;40&#8243; sm_spacing=&#8221;30&#8243;][vc_single_image image=&#8221;7173&#8243; img_size=&#8221;250&#215;250&#8243; alignment=&#8221;center&#8221; onclick=&#8221;zoom&#8221;][\/vc_column][vc_column width=&#8221;1\/12&#8243;][\/vc_column][vc_column width=&#8221;3\/5&#8243;][stm_spacing xs_spacing=&#8221;20&#8243; lg_spacing=&#8221;50&#8243; md_spacing=&#8221;40&#8243; sm_spacing=&#8221;30&#8243;][stm_animation_block animation=&#8221;fadeInUp&#8221; animation_duration=&#8221;0.3&#8243; animation_delay=&#8221;0&#8243;][vc_custom_heading stripe_pos=&#8221;hide&#8221; text=&#8221;GI2E&#8221; font_container=&#8221;tag:h3|text_align:center&#8221; use_theme_fonts=&#8221;yes&#8221; el_class=&#8221;hide_indents&#8221; subtitle=&#8221;GESTION INTELLIGENTE DES ETABLISSEMENTS EDUCATIFS&#8221;][vc_column_text]GID2E est un logiciel web intelligent \u00e0 plusieurs fonctionnalit\u00e9s qui vous permet de ma\u00eetriser la gestion de votre \u00e9tablissement scolaire.<\/p>\n<p>Intelligent, Intuitif, Collaboratif, Evolutif, Personnalisable, S\u00e9curis\u00e9 voici quelques besoins que r\u00e9pond GID2E.[\/vc_column_text][\/stm_animation_block][stm_animation_block animation=&#8221;fadeInUp&#8221; animation_duration=&#8221;0.3&#8243; animation_delay=&#8221;0&#8243;][stm_icon_box style=&#8221;icon_left_transparent&#8221; icon_size=&#8221;21&#8243; icon_color=&#8221;third&#8221; icon_width=&#8221;35&#8243; title_font_size=&#8221;16px&#8221;]Module transport |\u00a0 Module inscription |\u00a0 Module inventaire[\/stm_icon_box][\/stm_animation_block][stm_animation_block animation=&#8221;fadeInUp&#8221; animation_duration=&#8221;0.3&#8243; animation_delay=&#8221;0&#8243;][stm_icon_box style=&#8221;icon_left_transparent&#8221; icon_size=&#8221;21&#8243; icon_color=&#8221;third&#8221; icon_width=&#8221;35&#8243; title_font_size=&#8221;16px&#8221;]Module configuration |\u00a0 Module donn\u00e9e de base |\u00a0 Module Employ\u00e9s[\/stm_icon_box][\/stm_animation_block][stm_animation_block animation=&#8221;fadeInUp&#8221; animation_duration=&#8221;0.3&#8243; animation_delay=&#8221;0&#8243;][vc_btn title=&#8221;En savoir plus&#8221; style=&#8221;flat&#8221; color=&#8221;theme_style_4&#8243; size=&#8221;lg&#8221; i_icon_fontawesome=&#8221;fas fa-check&#8221; add_icon=&#8221;true&#8221;][\/stm_animation_block][\/vc_column][\/vc_row]<\/p>\n","protected":false},"excerpt":{"rendered":"<p>[vc_row full_width=&#8221;stretch_row_content_no_spaces&#8221; css=&#8221;.vc_custom_1608130642551{background-color: #d6e4f9 !important;}&#8221;][vc_column width=&#8221;2\/5&#8243; offset=&#8221;vc_col-lg-3&#8243;][stm_spacing xs_spacing=&#8221;20&#8243; lg_spacing=&#8221;50&#8243; md_spacing=&#8221;40&#8243; sm_spacing=&#8221;30&#8243;][vc_single_image image=&#8221;7291&#8243; img_size=&#8221;250&#215;250&#8243; alignment=&#8221;center&#8221; onclick=&#8221;zoom&#8221;][\/vc_column][vc_column width=&#8221;1\/12&#8243;][\/vc_column][vc_column width=&#8221;3\/5&#8243;][stm_spacing xs_spacing=&#8221;20&#8243; lg_spacing=&#8221;50&#8243; md_spacing=&#8221;40&#8243; sm_spacing=&#8221;30&#8243;][stm_animation_block animation=&#8221;fadeInUp&#8221; animation_duration=&#8221;0.3&#8243; animation_delay=&#8221;0&#8243;][vc_custom_heading stripe_pos=&#8221;hide&#8221; text=&#8221;SMS MARKETING&#8221; font_container=&#8221;tag:h3|text_align:center&#8221; use_theme_fonts=&#8221;yes&#8221; el_class=&#8221;hide_indents&#8221; subtitle=&#8221;UNE PLATEFORME ADAPTEE A VOTRE STRATEGIE&#8221;][vc_column_text]Avec notre solution de SMS MARKETING, informer, communiquer, alerter, questionner et analyser. Un outil permettant d\u2019atteindre facilement et rapidement vos<\/p>\n","protected":false},"author":1,"featured_media":0,"parent":0,"menu_order":0,"comment_status":"closed","ping_status":"closed","template":"","meta":{"footnotes":""},"class_list":["post-7022","page","type-page","status-publish","hentry"],"_links":{"self":[{"href":"https:\/\/welmat.ci\/index.php?rest_route=\/wp\/v2\/pages\/7022"}],"collection":[{"href":"https:\/\/welmat.ci\/index.php?rest_route=\/wp\/v2\/pages"}],"about":[{"href":"https:\/\/welmat.ci\/index.php?rest_route=\/wp\/v2\/types\/page"}],"author":[{"embeddable":true,"href":"https:\/\/welmat.ci\/index.php?rest_route=\/wp\/v2\/users\/1"}],"replies":[{"embeddable":true,"href":"https:\/\/welmat.ci\/index.php?rest_route=%2Fwp%2Fv2%2Fcomments&post=7022"}],"version-history":[{"count":43,"href":"https:\/\/welmat.ci\/index.php?rest_route=\/wp\/v2\/pages\/7022\/revisions"}],"predecessor-version":[{"id":7297,"href":"https:\/\/welmat.ci\/index.php?rest_route=\/wp\/v2\/pages\/7022\/revisions\/7297"}],"wp:attachment":[{"href":"https:\/\/welmat.ci\/index.php?rest_route=%2Fwp%2Fv2%2Fmedia&parent=7022"}],"curies":[{"name":"wp","href":"https:\/\/api.w.org\/{rel}","templated":true}]}}